n 117*((-15)/n - -2) is divided by 20?
19
Let v = 325 - 182. Let p be 243/(-3) - -2*1. Let o = v + p. Calculate the remainder when o is divided by 22.
20
Suppose -3*d = -j - 2*d - 10, -5*j = 3*d + 18. Let p = j + 10. What is the remainder when p is divided by 3?
1
Let q(f) = -2*f + 2. Let s(o) = -10*o + 9. Let n(i) = -11*q(i) + 2*s(i). Let t be n(4). What is the remainder when 180/16 - 1/t is divided by 4?
3
Suppose 3*d - 3*o + 4*o = 4, -8 = 5*d - 2*o. Suppose 2*a - 4 = d, 0 = -g + 4*a - 0 + 23. Calculate the remainder when 123 is divided by g.
30
Suppose -4*q + 0 = -12. Calculate the remainder when 4 is divided by q.
1
Let c = -7 + 10. Suppose -c*i + 8*i - 65 = 0. What is the remainder when 38 is divided by i?
12
Let q = -13 - -16. Suppose -q*g = -43 - 5. What is the remainder when 31 is divided by g?
15
Let y = 57 - 30. Let a = y + -17. Calculate the remainder when 19 is divided by a.
9
Let n(r) = r - 6. Let j(p) be the third derivative of p**5/60 - p**3/6 + 2*p**2. Let a be j(3). What is the remainder when n(a) is divided by 1?
0
What is the remainder when 98 is divided by (9/(-12))/((-5)/140)?
14
Let j = -11 - -3. Let l be (-4 + j)/(3/(-2)). Let q = 41 + l. What is the remainder when q is divided by 17?
15
Let f(m) = m**3 - 3*m**2 - 10*m + 17. What is the remainder when 57 is divided by f(5)?
6
Suppose 2*h - 1 = -b + h, -3*h - 9 = 0. Suppose -8*s = -b*s - 40. Calculate the remainder when 39 is divided by s.
9
Suppose 3*i + 4*w + 42 - 163 = 0, -118 = -3*i - w. What is the remainder when i is divided by 14?
11
Let z be (-28)/(-6) - 8/12. Suppose -2*v + 14 = z. Suppose -h = -2*h + 13. Calculate the remainder when h is divided by v.
3
Suppose 13 = 3*j - 2*g, g + 3*g = -4*j + 4. Suppose -4*o = 27 - j. Let u(h) = h**2 + h + 1. Calculate the remainder when u(o) is divided by 11.
9
Suppose 7 - 52 = -3*j. Calculate the remainder when j is divided by 6.
3
Suppose 2*l + 82 = 4*l. Suppose 2*p + 22 = -3*f, 3*p - 5*f - 3 = 2. Let m = p + 19. What is the remainder when l is divided by m?
13
Suppose 3*q + 4*x = -3, -1 = 3*x + 8. What is the remainder when 10 is divided by q?
1
Let z = 48 + -31. What is the remainder when 29 is divided by z?
12
Calculate the remainder when 1 - ((-4)/(-6))/(4/(-354)) is divided by 11.
5
Suppose 20 = 4*q - 0*q. Suppose -3*b = -2*b + 4*p - 27, 0 = 3*b - q*p - 30. Suppose -18 + 50 = 4*l. What is the remainder when b is divided by l?
7
Let j(l) = 2*l + 1. Let m be j(-9). Let h = 30 + m. Suppose -5*d - 3*o = -h, -2*o - 2*o = d + 11. Calculate the remainder when d is divided by 2.
1
Let b be 4/22 + 20/11. Calculate the remainder when 14 is divided by 5/10 - (-15)/b.
6
Suppose -l - 229 = -4*k, 0 = -3*k - 3*l + 72 + 81. Suppose 5*z - k = z. Let c(g) = g**3 - 4*g**2 - 3*g - 1. Calculate the remainder when c(6) is divided by z.
11
Let g(r) = -r**2 - 12*r + 32. What is the remainder when g(-14) is divided by 3?
1
Let f be 2/4*2*3. Suppose 0 = -f*s + 8*s - 125. What is the remainder when s is divided by 13?
12
Suppose -77 = -3*z - 5*m, 2*z + 11 = 2*m + 89. What is the remainder when 98 is divided by z?
30
Suppose 0*x + x = -2*f + 45, 3*f + x - 70 = 0. Suppose -4*h - 35 - f = 0. Let o = h + 31. Calculate the remainder when 30 is divided by o.
14
Let v = -25 - 27. Let k = v - -88. What is the remainder when k is divided by 13?
10
Let f = 59 - 49. Calculate the remainder when 68 is divided by f.
8
Suppose m - 5 - 4 = 0. What is the remainder when 22 is divided by m?
4
Let l(m) = m**2 - 3*m + 3. Let c = 0 - -3. Let b be l(c). Suppose 0 = s + d - 3, s + b = -2*d + 5. Calculate the remainder when s is divided by 2.
0
Suppose 3*x - 2*n = -4*n + 13, 5*x - 2*n = 27. What is the remainder when 18 is divided by x?
3
Let a(b) = -6*b - 4. Let v be a(-4). Let o = v + -9. What is the remainder when o is divided by 6?
5
Let v = 41 - 8. What is the remainder when v is divided by 6?
3
Let o(u) = -6*u + 13. Calculate the remainder when o(-3) is divided by 8.
7
Let r be (-19)/3 - (-1)/3. What is the remainder when 26 is divided by 2/r + (-43)/(-3)?
12
Suppose -2*z - m - 3*m = -28, 0 = 4*m. Calculate the remainder when 53 is divided by z.
11
Suppose -l - 5 = -5. Let w(p) = -5*p + 85. Let k(v) = -v + 17. Let a(x) = 11*k(x) - 2*w(x). Calculate the remainder when 33 is divided by a(l).
16
Suppose l + 12 = 3*l + 4*y, 4*l - y + 21 = 0. What is the remainder when -86*-1*(-2)/l is divided by 22?
21
Let d = 18 - 13. What is the remainder when 23 is divided by d + -5 + 24/3?
7
What is the remainder when 26 is divided by 8/(-52) + 368/26?
12
Let x(a) = a**3 + 4*a - 1. Let p = -18 - -31. What is the remainder when x(3) is divided by p?
12
Let c(k) = 7*k - 1. Suppose -1 - 3 = -g. What is the remainder when 106 is divided by c(g)?
25
Let p(h) = 6*h**2 + 2*h - 3. Suppose 5*k - 3*z = k + 18, -3*z = -5*k + 21. Let v = 5 - k. Calculate the remainder when p(v) is divided by 13.
12
Let w = -116 - -141. What is the remainder when w is divided by 17?
8
Suppose -2*t - 86 = -5*z + 2*z, -4*z + t + 108 = 0. Calculate the remainder when 51 is divided by z.
25
Let l(v) = -14*v - 6. Let y be l(-2). Let c = y + -16. Calculate the remainder when c is divided by 2.
0
Suppose -41 = -2*i - v, 5*i + 0*i - v - 99 = 0. What is the remainder when 56 is divided by i?
16
Suppose -c + 77 + 16 = -4*m, 3*m + 94 = c. Suppose a + 4*w - c = 0, -2*w + 352 = 4*a + 2*w. Suppose a = 3*s + 31. What is the remainder when 34 is divided by s?
16
Let r(w) = -2*w**2 + w + 1. Let k be r(-2). Let s = k - -31. Calculate the remainder when s is divided by 6.
4
Suppose 5*t - 113 = -3*r, -2*t + 3*r + 62 = -0*t. Calculate the remainder when 68 is divided by t.
18
Let z(p) = 18*p**2 - 2*p - 3. Calculate the remainder when 67 is divided by z(-1).
16
Let d(s) = 3*s - 2. Let f be ((-2)/(-3))/((-4)/(-12)). What is the remainder when 11 is divided by d(f)?
3
Let h(u) = -85*u + 2. Let q be h(-4). Suppose q = -0*r + 6*r. What is the remainder when r is divided by 15?
12
Let d = -3 + 5. Let m = d - -24. Suppose -m = -3*w + w. Calculate the remainder when 23 is divided by w.
10
Let j(p) be the first derivative of -17*p**2/2 - p - 1. Suppose 4*b - 182 - 6 = 0. Calculate the remainder when b is divided by j(-1).
15
Suppose -3*y = n + 2*y - 88, -4*n + 4*y + 352 = 0. What is the remainder when n is divided by 10?
8
Suppose 0 = 5*c + 2*w - 106, c - 5*w - 5 = -0*c. Calculate the remainder when 79 is divided by 60/9*48/c.
15
Suppose -3*w = -0 - 36. Calculate the remainder when 23 is divided by w.
11
Let n = 12 + 11. Suppose 3*p - 4*h - 17 = 0, -h - 3*h = -5*p + n. What is the remainder when 11 is divided by p?
2
Let k(t) = -t**3 - 6*t**2 + 8. Let w be k(-6). Let x = w - 5. Calculate the remainder when x is divided by 3.
0
Suppose u + 3*d = -3*u + 17, 0 = 4*u - 3*d - 23. Let c be (21/7)/(3/2). Suppose -c*v - 2 = -3*v. What is the remainder when u is divided by v?
1
Let g = 23 - 13. Suppose 6 = o - 21. Calculate the remainder when o is divided by g.
7
Let t(j) = 6*j - 24. Calculate the remainder when 70 is divided by t(7).
16
Let b(c) = 3*c**2 + 3*c - 3. What is the remainder when 12 is divided by b(-2)?
0
Let p(b) = -23*b. Calculate the remainder when p(-2) is divided by 16.
14
Let b = -88 + 125. Calculate the remainder when (-1)/((1/(-1))/b) is divided by 13.
11
What is the remainder when (-63)/(-2) - 4/40*5 is divided by 16?
15
Suppose -2 = -2*n, -2*n - 148 = 2*q - 4*q. Calculate the remainder when q is divided by 13.
10
Let o = -10 - -28. Let b = 9 - 4. What is the remainder when o is divided by b?
3
Let w(f) = 10*f**2 + 9*f + 1. Calculate the remainder when w(-3) is divided by 18.
10
Let t(m) = m**2 - m + 7. Let c(i) = -i**3 - 6*i**2 + 8*i - 1. Let d be c(-7). Let w(z) = -3*z - 11. Calculate the remainder when t(6) is divided by w(d).
11
What is the remainder when (30/25)/(12/920) is divided by 19?
16
Let j = 23 - -16. What is the remainder when j is divided by 10?
9
Suppose -3 - 2 = -q. Suppose -10 = -v - 2*p, -q*v + 0 = 4*p - 20. Suppose -3*t = t - j - 55, v = -t + 3*j. What is the remainder when 28 is divided by t?
13
Let r(v) = v**3 + 11*v**2 + 10*v + 1. Let b be r(-10). Calculate the remainder when (3 - -5)/b - -2 is divided by 40/7 - (-2)/7.
4
Let i be 16/7 + 8/(-28). Suppose i*p = p + 28. Calculate the remainder when p